609 a prime number?
False
Is 89227 composite?
False
Is 353029 a prime number?
False
Is 2174 a prime number?
False
Is 576953 prime?
False
Is 289229 a prime number?
False
Is 10779 composite?
True
Is 9587 a prime number?
True
Is 942067 composite?
True
Is 11351 a composite number?
False
Is 113513 prime?
True
Is 30757 a prime number?
True
Is 6739 composite?
True
Is 58657 a prime number?
True
Is 69533 prime?
False
Is 17623 a prime number?
True
Is 1213385 a prime number?
False
Is 45293 composite?
False
Is 3386 a composite number?
True
Is 60343 prime?
True
Is 110657 a composite number?
True
Is 1633 prime?
False
Is 1020491 a prime number?
True
Is 720697 a prime number?
True
Is 3431 a composite number?
True
Is 194521 prime?
True
Is 583207 a composite number?
False
Is 259 a prime number?
False
Is 129329 composite?
True
Is 57709 composite?
False
Is 373777 a prime number?
True
Is 162145 a composite number?
True
Is 49963 a prime number?
False
Is 1061387 composite?
True
Is 37159 a prime number?
True
Is 102974 prime?
False
Is 1107083 a prime number?
True
Is 4283 a composite number?
False
Is 111821 a composite number?
False
Is 553 a prime number?
False
Is 22871 prime?
True
Is 420457 composite?
False
Is 6941 a composite number?
True
Is 244291 composite?
False
Is 13835 a prime number?
False
Is 1009 a composite number?
False
Is 623 a composite number?
True
Is 248023 a prime number?
False
Is 16342 composite?
True
Is 51659 prime?
True
Is 326903 a prime number?
True
Is 4885 prime?
False
Is 9733 a prime number?
True
Is 2947 prime?
False
Is 88919 a prime number?
True
Is 24487 a composite number?
True
Is 53962 a prime number?
False
Is 2309 a composite number?
False
Is 679 composite?
True
Is 6683 a prime number?
False
Is 168389 prime?
False
Is 19291 prime?
False
Is 3109 prime?
True
Is 25841 composite?
False
Is 42923 a prime number?
True
Is 979 a prime number?
False
Is 17659 a prime number?
True
Is 421207 a composite number?
False
Is 4771 a prime number?
False
Is 102853 prime?
False
Is 196799 a prime number?
True
Is 41167 prime?
False
Is 89423 prime?
False
Is 80477 a prime number?
False
Is 7615 a composite number?
True
Is 29549 prime?
False
Is 12601 composite?
False
Is 129263 composite?
False
Is 54123 a composite number?
True
Is 1409 a prime number?
True
Is 12813 a composite number?
True
Is 10627 a composite number?
False
Is 19913 a composite number?
False
Is 4205833 a composite number?
False
Is 70259 a composite number?
True
Is 2609 prime?
True
Is 27197 a composite number?
False
Is 5847 composite?
True
Is 498659 composite?
True
Is 300719 a composite number?
False
Is 553153 a composite number?
False
Is 27355 a prime number?
False
Is 6521 a composite number?
False
Is 6803 composite?
False
Is 424717 a prime number?
False
Is 42487 prime?
True
Is 774241 composite?
True
Is 10133 prime?
True
Is 17669 composite?
False
Is 690919 composite?
False
Is 1611619 prime?
False
Is 2129 a prime number?
True
Is 474423 a composite number?
True
Is 23459 a composite number?
False
Is 3299 prime?
True
Is 65663 a composite number?
True
Is 207446 composite?
True
Is 166261 prime?
False
Is 39911 composite?
True
Is 50833 a prime number?
True
Is 81841 prime?
False
Is 2333 a prime number?
True
Is 144937 prime?
False
Is 19983 composite?
True
Is 3959 composite?
True
Is 210901 a prime number?
True
Is 20437 a composite number?
True
Is 217943 prime?
False
Is 1370597 prime?
True
Is 14349 a composite number?
True
Is 9533 a prime number?
True
Is 69 a composite number?
True
Is 71447 a prime number?
False
Is 384233 composite?
True
Is 590438 composite?
True
Is 4409 prime?
True
Is 89429 a prime number?
False
Is 36187 a prime number?
True
Is 47449 composite?
True
Is 73615 a composite number?
True
Is 1212433 prime?
True
Is 178753 a prime number?
True
Is 20939 a prime number?
True
Is 93921 prime?
False
Is 540473 a composite number?
True
Is 77839 composite?
False
Is 18037 composite?
True
Is 1305849 a composite number?
True
Is 100199 a composite number?
True
Is 322549 a prime number?
True
Is 62201 a prime number?
True
Is 19001 a composite number?
False
Is 2159 prime?
False
Is 677609 a composite number?
True
Is 12889 a prime number?
True
Is 31121 a prime number?
True
Is 15391 a composite number?
False
Is 580063 a composite number?
True
Is 13198 prime?
False
Is 3263 prime?
False
Is 779039 composite?
False
Is 4571 composite?
True
Is 38039 a composite number?
False
Is 47791 a composite number?
False
Is 3787 a composite number?
True
Is 141935 composite?
True
Is 142871 a composite number?
False
Is 17002 composite?
True
Is 6637 a composite number?
False
Is 1563637 prime?
False
Is 187003 a prime number?
True
Is 22551 a composite number?
True
Is 2424143 prime?
False
Is 1098001 prime?
False
Is 68707 a composite number?
True
Is 25889 a prime number?
True
Is 41461 a prime number?
False
Is 59957 composite?
False
Is 6757 a composite number?
True
Is 10977 prime?
False
Is 10109 a prime number?
False
Is 747529 prime?
True
Is 86441 a prime number?
True
Is 3271 prime?
True
Is 126631 prime?
True
Is 37319 a prime number?
False
Is 104401 composite?
True
Is 117239 a composite number?
False
Is 1117 a composite number?
False
Is 6763147 a composite number?
False
Is 25693 prime?
True
Is 70079 a composite number?
False
Is 799 a composite number?
True
Is 178378 composite?
True
Is 115273 prime?
False
Is 54709 composite?
False
Is 144539 a composite number?
False
Is 4762 a composite number?
True
Is 147993 a composite number?
True
Is 187507 a prime number?
True
Is 12197 a composite number?
False
Is 28117 prime?
False
Is 275237 prime?
False
Is 38039 composite?
False
Is 7778 a prime number?
False
Is 96601 prime?
True
Is 2427185 a prime number?
False
Is 108071 a prime number?
False
Is 89803 prime?
False
Is 2558039 a prime number?
False
Is 43711 a composite number?
False
Is 417485 prime?
False
Is 93683 prime?
True
Is 3989 prime?
True
Is 6227 prime?
False
Is 54523 a prime number?
False
Is 73571 composite?
False
Is 19931 composite?
True
Is 2675249 composite?
False
Is 33961 a composite number?
False
Is 4555 prime?
False
Is 107974 composite?
True
Is 399005 a composite number?
True
Is 10037 prime?
True
Is 56107 composite?
True
Is 65233 a prime number?
False
Is 290834 prime?
False
Is 118351 a prime number?
False
Is 11551 a composite number?
False
Is 307297 a prime number?
False
Is 21621 a composite number?
True
Is 1566449 prime?
True
Is 26083 prime?
True
Is 50889 a composite number?
True
Is 136597 prime?
False
Is 37307 a prime number?
True
Is 769147 composite?
False
Is 1531 a composite number?
False
Is 17137 composite?
False
Is 1643659 a prime number?
True
Is 8519 prime?
False
Is 300221 prime?
True
Is 435247 a prime number?
True
Is 2333 composite?
False
Is 560611 a composite number?
True
Is 152501 a prime number?
True
Is 65323 a prime number?
True
Is 2333 prime?
True
Is 82837 composite?
False
Is 25814 a composite number?
True
Is 6521 a composite number?
False
Is 93517 a composite number?
True
Is 9059 prime?
True
Is 222653 a prime number?
False
Is 16917 prime?
False
Is 10559 prime?
True
Is 36193 a prime number?
False
Is 681449 a composite number?
False
Is 27957 composite?
True
Is 214379 composite?
True
Is 74647 prime?
False
Is 36433 composite?
False
Is 5027 prime?
False
Is 28685 a prime number?
False
Is 251 a composite number?
False
Is 207227 prime?
True
Is 4511 prime?
False
Is 30335 a composite number?
True
Is 2705 a prime number?
False
Is 641 a composite number?
False
Is 95861 composite?
True
Is 895 a prime number?
False
Is 1338613 a composite number?
True
Is 10877 prime?
False
Is 9267 a composite number?
True
Is 19547 prime?
False
Is 21467 a prime number?
True
Is 24958 composite?
True
Is 1320859 a prime number?
True
Is 28277 a composite number?
False
Is 84947 composite?
False
Is 3491 a composite number?
False
Is 127603 prime?
False
Is 186917 composite?
False
Is 364639 a prime number?
False
Is 31523 composite?
True
Is 127522 composite?
True
Is 53471 prime?
False
Is 587381 a prime number?
True
Is 136811 a composite number?
False
Is 242831 prime?
False
Is 20633 a prime number?
False
Is 102359 a prime number?
True
Is 73833 prime?
False
Is 73637 prime?
True
Is 286435 a prime number?
False
Is 318533 composite?
True
Is 973297 prime?
False
Is 704797 a prime num